z) = 2038*z**2 - 8032*z - 5. Calculate x(4).
475
Let h(o) = o**2 + 5925*o + 662459. Give h(-114).
5
Let o(y) = y**2 - 32250*y + 193486. Calculate o(6).
22
Let t(j) = -41*j**2 - 3013*j - 1527. Give t(-73).
-67
Let g(k) = -5*k**3 - 988*k**2 + 1494*k + 20106. What is g(-199)?
7
Let u(z) = -z**3 - 137*z**2 + 314*z + 42986. What is u(-137)?
-32
Let b(s) = -603*s + 1773. Determine b(1).
1170
Let h(n) = 2*n**2 - 97*n + 56. Give h(65).
2201
Let n(o) = 4*o**3 - 37*o**2 - 562*o + 5162. Calculate n(12).
2
Let f(j) = 245*j - 4896. What is f(5)?
-3671
Let x(d) = -469371*d - 13142385. What is x(-28)?
3
Let p(b) = 9*b**3 - 138*b**2 + 1253*b - 18085. Calculate p(15).
35
Let x(a) = 25954*a - 960302. Give x(37).
-4
Let f(i) = 7327*i - 4514. Calculate f(1).
2813
Let s(w) = -1889*w - 35449. Calculate s(-19).
442
Let q(o) = -o**3 - 1269*o**2 + 3959*o + 181888. Calculate q(-1272).
-8
Let s(p) = -2*p**3 + 16*p**2 - 24*p - 785. Calculate s(-13).
6625
Let p(z) = -z**2 + 459*z + 82390. Calculate p(-138).
4
Let j(t) = 32761*t - 65216. Calculate j(2).
306
Let l(x) = -932*x**2 + 255367*x + 286. Give l(274).
12
Let k(j) = -j**3 + 82*j**2 - 1222*j + 22412. Determine k(69).
-13
Let v(y) = 3*y**2 - 87*y - 182. What is v(8)?
-686
Let n(f) = -1210*f - 46228. Give n(-38).
-248
Let c(a) = a**2 + 298626*a - 3882291. Calculate c(13).
16
Let m(g) = 461*g + 3437. Calculate m(-8).
-251
Let d(q) = -460*q + 61212. What is d(133)?
32
Let n(r) = -4*r**2 - 17*r - 17. Give n(-4).
-13
Let y(o) = 8*o**2 - 4280*o - 1176005. Give y(-200).
-5
Let t(d) = -26449*d + 264473. Give t(10).
-17
Let v(g) = -g**3 + 232*g**2 - 6888*g - 1356. Give v(197).
23
Let h(x) = x**3 - 3531*x**2 + 24662*x + 20. Determine h(7).
-22
Let i(m) = -474*m**2 + 16114*m + 131. Determine i(34).
63
Let m(n) = 105*n**3 + 2*n**2 + 56*n + 148. Give m(-3).
-2837
Let q(h) = -h**3 + 109*h**2 - 94*h - 1058. Give q(108).
454
Let k(w) = -31922*w - 287306. Determine k(-9).
-8
Let w(q) = q**2 + 256*q + 12898. Calculate w(-185).
-237
Let x(r) = 15381*r + 753663. What is x(-49)?
-6
Let l(y) = 6*y**2 - 451591*y + 1354766. Calculate l(3).
47
Let d(p) = p**3 - 143*p**2 + 2653*p + 220. Determine d(22).
22
Let v(u) = -33*u**2 + 738*u - 3045. Give v(6).
195
Let m(u) = 10*u**3 + 1421*u**2 + 137*u - 142. What is m(-142)?
568
Let a(l) = -4804*l + 226116. What is a(47)?
328
Let b(f) = 138*f**2 - 20*f + 249. Calculate b(0).
249
Let z(l) = l**2 + 18769*l + 243815. Calculate z(-13).
-13
Let r(z) = 10*z**2 + 2011*z + 26410. Determine r(-187).
43
Let m(h) = -47*h**2 - 177*h - 8. Determine m(0).
-8
Let i(v) = v**3 - 164*v**2 - 1922*v + 23. Calculate i(-11).
-10
Let z(t) = t**2 - 8863*t + 815597. Determine z(93).
-13
Let j(g) = 4*g**3 + 5*g**2 + 43*g - 823. What is j(7)?
1095
Let f(l) = 2*l**3 + 55*l**2 + 153*l - 14. What is f(-3)?
-32
Let h(v) = 15*v**2 + 348*v - 89. What is h(-20)?
-1049
Let q(u) = 1482*u - 506643. What is q(342)?
201
Let y(u) = -3*u**2 - 18533*u - 1010236. Determine y(-55).
4
Let r(o) = -8512*o + 59665. Calculate r(7).
81
Let d(c) = -84802*c + 169601. Calculate d(2).
-3
Let v(o) = o**2 - 102*o - 1895. Give v(-16).
-7
Let n(j) = -6*j**2 - 899*j - 926. Determine n(-149).
-181
Let t(d) = 32*d**3 + 1247*d**2 - 33*d + 220. What is t(-39)?
-14
Let x(l) = 7474*l - 59482. Give x(8).
310
Let p(r) = -46139*r + 277268. What is p(6)?
434
Let o(g) = -1272*g - 48316. Give o(-38).
20
Let u(z) = 1227*z**2 + 105*z + 106. Calculate u(-1).
1228
Let m(w) = -961*w - 4005. Determine m(-3).
-1122
Let z(x) = -21887*x + 590835. Determine z(27).
-114
Let j(d) = 30*d**3 - 16*d**2 - 9*d - 4. What is j(-2)?
-290
Let p(y) = 39*y**3 + 31*y**2 + 5*y + 42. What is p(3)?
1389
Let g(x) = -x**3 - 21*x**2 - 52*x + 265. Determine g(-17).
-7
Let u(k) = -418*k - 27032. Determine u(-66).
556
Let r(x) = -2*x**2 + 852716*x + 5969105. What is r(-7)?
-5
Let c(g) = -13*g**2 - 748*g + 4681. Give c(6).
-275
Let x(v) = 34*v**2 - 987*v - 20478. What is x(-14)?
4
Let w(l) = -148*l**2 - 1225*l - 626. Calculate w(-7).
697
Let x(u) = -289*u - 5029. Give x(-18).
173
Let m(w) = -41736*w - 85493. Determine m(-2).
-2021
Let p(o) = 16294*o + 342152. Calculate p(-21).
-22
Let h(n) = 7*n - 2696. Determine h(387).
13
Let u(d) = 7013*d - 35094. Calculate u(5).
-29
Let f(n) = 36*n**3 - 9*n**2 + 9*n - 1. What is f(-4)?
-2485
Let s(f) = -f**3 + 6*f**2 - 215*f + 1886. Determine s(8).
38
Let d(t) = 4*t**3 + 6*t**2 + 5058*t + 15181. Calculate d(-3).
-47
Let t(u) = 148*u**2 + 1110*u - 573. Give t(-8).
19
Let w(d) = d**2 - 505*d - 38973. Determine w(-67).
-649
Let s(c) = -c**3 + c**2 + 5242*c + 5240. Determine s(-1).
0
Let k(b) = -4*b**3 - 40*b**2 - 70*b - 694. What is k(-10)?
6
Let p(j) = 1961*j - 11532. Give p(6).
234
Let v(y) = -16095*y + 80480. Determine v(5).
5
Let b(h) = -3*h**3 - 3535*h**2 - 22209*h + 69154. Give b(-1172).
6
Let o(i) = 4*i**2 - 35503*i - 71023. Give o(-2).
-1
Let k(h) = -h**3 + 138*h**2 - 2089*h + 544. Calculate k(17).
0
Let q(o) = 91*o**2 - 1723*o + 143. Give q(17).
-2849
Let t(i) = -1131327*i + 10181929. What is t(9)?
-14
Let j(d) = 196359*d + 19. Determine j(0).
19
Let k(w) = -2*w**3 + 2937*w**2 - 14519*w - 658. What is k(5)?
-78
Let n(r) = -r**3 - 16*r**2 - 179*r - 2923. Give n(-16).
-59
Let u(k) = 2095*k + 50320. Calculate u(-24).
40
Let g(j) = 1328250*j + 44. Determine g(0).
44
Let c(q) = 3*q**3 - 102*q**2 + 1635*q - 55596. Determine c(34).
-6
Let k(r) = 3960*r + 958315. Calculate k(-242).
-5
Let d(h) = -7290*h + 1078832. What is d(148)?
-88
Let p(r) = 66*r**2 - 2352*r - 5967. Determine p(38).
-39
Let p(z) = z**3 + 15*z**2 + 969*z + 12262. Give p(-13).
3
Let l(b) = 123150*b - 492063. Calculate l(4).
537
Let z(k) = 16*k**2 - 503*k - 820. Give z(29).
-1951
Let v(y) = 2*y**3 - 124*y**2 - 676*y + 1279. What is v(67)?
877
Let r(w) = -w**3 + 51*w**2 - 588*w - 882. Calculate r(30).
378
Let b(n) = 2371819*n - 28461831. Determine b(12).
-3
Let r(v) = 3040*v + 21258. Determine r(-7).
-22
Let q(p) = 3164*p**2 - 15922*p - 9. Give q(5).
-519
Let k(c) = -c**3 + 71*c**2 + 959*c + 3061. Determine k(83).
-10
Let w(m) = -m**3 + 518*m**2 - 8650*m + 2294. Calculate w(17).
33
Let o(n) = -n**3 + 159*n**2 - 5792*n + 247. What is o(56)?
-1097
Let r(t) = -7*t**3 - 60*t**2 - 129*t - 61. What is r(-2)?
13
Let y(w) = -8*w**2 + 431*w + 1312. What is y(60)?
-1628
Let n(j) = 67*j**3 - 71*j**2 + 74*j - 4. What is n(1)?
66
Let a(w) = -10*w**2 - 371*w + 279. Determine a(-34).
1333
Let q(r) = 13*r**2 + 2173*r + 1573. Calculate q(-166).
-917
Let p(o) = -28*o**2 - 7504*o + 89. What is p(-268)?
89
Let o(r) = 31043*r - 651891. Determine o(21).
12
Let l(u) = u**2 + 325*u + 22970. What is l(-218)?
-356
Let x(g) = -19*g**2 + 9246*g + 46229. Give x(-5).
-476
Let w(p) = 5*p**2 - 423*p - 7506. Determine w(-15).
-36
Let n(s) = -4*s**3 + 2954*s**2 + 19366*s + 3015. Determine n(745).
35
Let h(x) = -7*x**2 - 13061*x - 39167. What is h(-3)?
-47
Let n(t) = 2*t**2 - 214*t - 14471. Determine n(-47).
5
Let d(c) = -3*c**3 - 1631*c**2 + 14921*c + 10. Give d(9).
1
Let b(d) = -3*d**3 - 399*d**2 - 12796*d + 158. Calculate b(-79).
0
Let t(c) = -13151*c**2 + 52604*c. Give t(4).
0
Let q(u) = u**2 - 225*u - 19943. What is q(293)?
-19
Let g(t) = t**2 - 4261*t + 420157. Calculate g(101).
-3
Let g(b) = 14*b**3 + 661*b**2 + 98*b - 13. Calculate g(-47).
2008
Let q(k) = -k**3 - 31*k**2 - 240*k - 26. Determine q(-14).
2
Let f(m) = -9*m**2 + 437*m - 1361. What is f(45)?
79
Let v(d) = -111*d + 5326. Give v(75).
-2999
Let k(b) = -2*b**2 - 40*b - 526. Determine k(0).
-526
Let m(i) = 2*i**3 + 13*i**2 - 371*i - 2923. Give m(-9).
11
Let j(g) = g**3 + 135*g**2 - 2676*g + 8264. Calculate j(14).
4
Let n(j) = 5*j**2 - 493. What is n(-10)?
7
Let g(h) = 5*h**3 - h**2 - 52*h + 167. What is g(3)?
137
Let t(r) = -r**3 - 67*r**2 - 764*r + 831. Calculate t(-52).
-1
Let z(q) = -122423*q - 979224. What is z(-8)?
160
Let n(w) = -w**3 + 15*w**2 - 30*w - 55. What is n(4)?
1
Let m(z) = z**3 - 23*z**2 - 78*z + 20. What is m(25)?
-680
Let b(u) = 137*u**2 + 17403*u - 66. What is b(-127)?
-574
Let r(d) = 10*d**2 + 105*d + 75. Determine r(-11).
130
Let y(i) = 45*i**3 + 370*i**2 + 1129*i + 22. What is y(-3)?
-1250
Let a(p) = 89*p**2 + 3176*p - 18202. Determine a(5).
-97
Let f(n) = -14*n**2 + 3469*n + 25751. What is f(255)?
-4
Let z(f) = f**2 + 5448*f - 1077203. Give z(1